base 2, what is -10 + 1100011000000110101110?
1100011000000110101100
In base 15, what is 8 - 45248ad?
-45248a5
In base 8, what is 33 - -63164?
63217
In base 11, what is -51 - 5257a?
-52620
In base 14, what is -27c - -81c?
580
In base 14, what is -44a3 + a19?
-3888
In base 11, what is 132a1a4 + a?
132a203
In base 7, what is 22 + -542203032?
-542203010
In base 3, what is 0 - -1020020021120002?
1020020021120002
In base 8, what is 3120 - -760?
4100
In base 6, what is 5003101 - 3425?
4555232
In base 10, what is 5 - 432687?
-432682
In base 7, what is -34 + -20062131?
-20062165
In base 2, what is 0 + 1100011111100111101000?
1100011111100111101000
In base 15, what is -1c4452 - 0?
-1c4452
In base 10, what is 0 + -1224431?
-1224431
In base 6, what is -21 + 21101401?
21101340
In base 3, what is 1010 + 221111012001?
221111020011
In base 7, what is -6053 - 10003?
-16056
In base 5, what is -1 - -120014141?
120014140
In base 4, what is 2132 + 130120?
132312
In base 4, what is -132203203302 - 20?
-132203203322
In base 2, what is -10 + 11111111011100100?
11111111011100010
In base 6, what is 3305 + 1302?
5011
In base 7, what is 13363133 + -4?
13363126
In base 14, what is 8080 - cd?
7d91
In base 15, what is -5a37 - 160c?
-7144
In base 7, what is -1 - -56612425?
56612424
In base 10, what is 24520113 - 4?
24520109
In base 5, what is -4 + -31020111140?
-31020111144
In base 12, what is -1b695 + 24?
-1b671
In base 3, what is -11 - 2202001102212102?
-2202001102212120
In base 7, what is -1454444 + 1636?
-1452505
In base 16, what is -11a09566 + 3?
-11a09563
In base 12, what is 2 + 29850a5?
29850a7
In base 4, what is 111 + 11101230?
11102001
In base 16, what is -9af5d96 + 0?
-9af5d96
In base 9, what is 73 - -1540420?
1540503
In base 11, what is 466983 + -346?
466638
In base 5, what is -3203141 + -431?
-3204122
In base 2, what is 101 - -1011100111011110010001110?
1011100111011110010010011
In base 8, what is 13535 + -2474?
11041
In base 8, what is -524 - 132071?
-132615
In base 4, what is 112211103012 + -20?
112211102332
In base 9, what is 16215 - 182?
16023
In base 10, what is -6236746 + -289?
-6237035
In base 3, what is -122202222 + 100022122?
-22110100
In base 6, what is -212114 - -5045?
-203025
In base 12, what is -104a8 - -1b?
-10489
In base 15, what is a - -52cd40?
52cd4a
In base 4, what is -20302002200 - -121?
-20302002013
In base 16, what is ea55 - -497?
eeec
In base 11, what is 75636a - -88?
756447
In base 5, what is -4 - -10143002332?
10143002323
In base 8, what is 42653 + -77634?
-34761
In base 16, what is -15d72 + -10?
-15d82
In base 12, what is -31b1a7 - 321?
-31b508
In base 10, what is 5 + 48955097?
48955102
In base 4, what is 11 - -200310300221?
200310300232
In base 7, what is 200555 - -1132?
202020
In base 5, what is -1034230 - -1203?
-1033022
In base 3, what is 2010 + 210000211012221?
210000211022001
In base 7, what is 12 + 603012652?
603012664
In base 9, what is -4 + 534820457?
534820453
In base 3, what is 1 - -112111210120?
112111210121
In base 11, what is -1514 + -8645?
-a059
In base 14, what is -479a5 + 18?
-4798b
In base 10, what is 502 - -44783?
45285
In base 10, what is -44 - -188671?
188627
In base 10, what is -437225505 - -3?
-437225502
In base 6, what is -3 + 4131214404?
4131214401
In base 3, what is 2 - -2100102111120101?
2100102111120110
In base 8, what is 604 - 36112?
-35306
In base 16, what is 16aaa0c - 4?
16aaa08
In base 9, what is -3 + 4572628?
4572625
In base 10, what is 5915 + 1740?
7655
In base 14, what is -a5 + 312860?
312799
In base 5, what is -10 + 341212023023?
341212023013
In base 11, what is -5 + -15610863?
-15610868
In base 6, what is -131031 - 21104?
-152135
In base 12, what is -3a4 - -4458?
4074
In base 6, what is 103 - 40321212?
-40321105
In base 2, what is -1000 + 101110110000001100100?
101110110000001011100
In base 2, what is -1101111 + 11010000010101010001?
11010000010011100010
In base 7, what is 1264344 + -6?
1264335
In base 14, what is 4671823 + 8?
467182b
In base 5, what is 41 - 421013314?
-421013223
In base 12, what is -5 + -8a51b2?
-8a51b7
In base 8, what is 5 - -10477776?
10500003
In base 13, what is 28bb - b7a?
1a41
In base 7, what is -120466 + 65?
-120401
In base 12, what is -53 - -2218?
2185
In base 13, what is 109 - 17b388?
-17b27c
In base 7, what is -16020530 + 4?
-16020523
In base 14, what is -94d2d5a - 0?
-94d2d5a
In base 4, what is -2 - -2122123010332?
2122123010330
In base 12, what is -12a012 + 114?
-129aba
In base 14, what is 252 - -11b8?
142a
In base 16, what is 13 + -2eb17?
-2eb04
In base 15, what is -1e925 - 109?
-1ea2e
In base 5, what is 1431 + -213220?
-211234
In base 5, what is -323004 + 100110?
-222344
In base 6, what is 11 - -3152234341?
3152234352
In base 6, what is 531150203 - -4?
531150211
In base 14, what is 5ac0 + 9b6?
6696
In base 11, what is -31 + -248764?
-248795
In base 8, what is 137125 - 1736?
135167
In base 8, what is 5 - 1111103221?
-1111103214
In base 16, what is -5a + 1ca6d1?
1ca677
In base 3, what is 10 - 20100212102100?
-20100212102020
In base 15, what is 11 + -3b42d?
-3b41c
In base 5, what is 44240001 + -13141?
44221310
In base 12, what is -3666a4214 + 4?
-3666a4210
In base 15, what is -5 - -e8615?
e8610
In base 6, what is -12 - 30450431542?
-30450431554
In base 4, what is 21 + -13011101211?
-13011101130
In base 6, what is 2110320010 - 3?
2110320003
In base 15, what is 1a + 32294b?
322966
In base 5, what is 4012131 - -34002?
4101133
In base 14, what is 6 - -6c1bcd?
6c1bd5
In base 2, what is -10101000111000000101011 + -11?
-10101000111000000101110
In base 4, what is -102 - -202111002222?
202111002120
In base 7, what is 2646206 - -2420?
2651626
In base 15, what is -1bad - -401?
-17ac
In base 14, what is 1507 - -6277?
7780
In base 8, what is 72210522 + 0?
72210522
In base 15, what is -9 + -76e08?
-76e12
In base 15, what is 5c5de + -14?
5c5ca
In base 3, what is -1000202210012 + -2200?
-1000202212212
In base 7, what is 1435300 - -313?
1435613
In base 11, what is -755856a - -40?
-755852a
In base 14, what is c - -1422ac?
1422ba
In base 2, what is -100 + -1001111101000010010110111?
-1001111101000010010111011
In base 2, what is 111111110010001 + 1110000?
1000000000000001
In base 3, what is -1222021120 - 210222?
-2000002112
In base 5, what is -1000234032 + 2001?
-1000232031
In base 8, what is -64756 - -11335?
-53421
In base 4, what is -320111201 - 23?
-320111230
In base 16, what is 3 + -e2411?
-e240e
In base 3, what is 12020012 + -2120212?
2122100
In base 16, what is -7f18a - -2d0?
-7eeba
In base 6, what is -11131 + 25505?
14334
In base 11, what is -778855 + 21?
-778834
In base 8, what is 161541013 + 3?
161541016
In base 10, what is -240369 - -14?
-240355
In base 6, what is 32233 - -24154?
100431
In base 13, what is -51 - -20c35?
20bb4
In base 15, what is 136d1 + -c5?
1360b
In base 13, what is -2 + 3178a3?
3178a1
In base 13, what is -136b - 2903?
-3c71
In base 10, what is -201518554 - 3?
-201518557
In base 13, what is 3 - 50a771?
-50a76b
In base 14, what is 2 + -1a70779?
-1a70777
In base 16, what is -2c1b3 - -648?
-2bb6b
In base 8, what is 24762 - 7253?
15507
In base 7, what is 5310 + -116522?
-111212
In base 3, what is -2220 + 1202111210?
1202101220
In base 15, what is a - -21dc01a?
21dc025
In base 4, what is 2110 + -101132212?
-101130102
In base 2, what is -1100011100001011 - 111001101111011?
-10011101010000110
In base 10, what is 977 - 20567?
-19590
In base 9, what is 74463206 + -3?
74463203
In base 9, what is 14 + -14078614?
-14078600
In base 7, what is -331166343 - -4?
-331166336
In base 10, what is -10 + -51077277?
-51077287
In base 13, what is 1707a07 - b?
17079c9
In base 7, what is 4 + -2035430311?
-2035430304
In base 11, what is -3 + 26050439?
26050436
In base 12, what is -221 - 20b0127?
-20b0348
In base 13, what is 57380bc - -3?
57380c2
In base 4, what is -230110333 - 2132?
-230113131
In base 3, what is -1100120110 + -100212?
-1100221022
In base 16, what is 1c64616 + -3?
1c64613
In base 9, what is -5448514 - -30?
-5448474
In base 7, what is -4336345 - -1461?
-4334554
In base 8, what is 633702172 + -1?
633702171
In base 4, what is -11 + -23021001032?
-23021001103
In base 10, what is 26672 + -9113?
17559
In base 6, what is 43234 - -3055504?
3143142
In base 7, what is -22534 + 556?